[INFO] cloning repository https://github.com/sigvartmh/nrfx3rs
[INFO] running `Command { std: "git" "-c" "credential.helper=" "-c" "credential.helper=/workspace/cargo-home/bin/git-credential-null" "clone" "--bare" "https://github.com/sigvartmh/nrfx3rs" "/workspace/cache/git-repos/https%3A%2F%2Fgithub.com%2Fsigvartmh%2Fnrfx3rs", kill_on_drop: false }`
[INFO] [stderr] Cloning into bare repository '/workspace/cache/git-repos/https%3A%2F%2Fgithub.com%2Fsigvartmh%2Fnrfx3rs'...
[INFO] running `Command { std: "git" "rev-parse" "HEAD", kill_on_drop: false }`
[INFO] [stdout] 4e2e1021b97c0403e2a2eafe5e733060341fbb8d
[INFO] checking sigvartmh/nrfx3rs against master#cfbc6d4cf1acbac5c025acf8ed68929caa551df3 for pr-75494-beta
[INFO] running `Command { std: "git" "clone" "/workspace/cache/git-repos/https%3A%2F%2Fgithub.com%2Fsigvartmh%2Fnrfx3rs" "/workspace/builds/worker-5/source", kill_on_drop: false }`
[INFO] [stderr] Cloning into '/workspace/builds/worker-5/source'...
[INFO] [stderr] done.
[INFO] validating manifest of git repo https://github.com/sigvartmh/nrfx3rs on toolchain cfbc6d4cf1acbac5c025acf8ed68929caa551df3
[INFO] running `Command { std: "/workspace/cargo-home/bin/cargo" "+cfbc6d4cf1acbac5c025acf8ed68929caa551df3" "read-manifest" "--manifest-path" "Cargo.toml", kill_on_drop: false }`
[INFO] removed /workspace/builds/worker-5/source/.cargo/config
[INFO] started tweaking git repo https://github.com/sigvartmh/nrfx3rs
[INFO] finished tweaking git repo https://github.com/sigvartmh/nrfx3rs
[INFO] tweaked toml for git repo https://github.com/sigvartmh/nrfx3rs written to /workspace/builds/worker-5/source/Cargo.toml
[INFO] crate git repo https://github.com/sigvartmh/nrfx3rs already has a lockfile, it will not be regenerated
[INFO] running `Command { std: "/workspace/cargo-home/bin/cargo" "+cfbc6d4cf1acbac5c025acf8ed68929caa551df3" "fetch" "--locked" "--manifest-path" "Cargo.toml", kill_on_drop: false }`
[INFO] [stderr]  Downloading crates ...
[INFO] [stderr]   Downloaded nrf52840-hal v0.8.1
[INFO] [stderr]   Downloaded mem_cmp v0.1.4
[INFO] [stderr]   Downloaded nrf52-hal-common v0.8.1
[INFO] [stderr]   Downloaded nrf52840-pac v0.8.0
[INFO] running `Command { std: "docker" "create" "-v" "/var/lib/crater-agent-workspace/builds/worker-5/target:/opt/rustwide/target:rw,Z" "-v" "/var/lib/crater-agent-workspace/builds/worker-5/source:/opt/rustwide/workdir:ro,Z" "-v" "/var/lib/crater-agent-workspace/cargo-home:/opt/rustwide/cargo-home:ro,Z" "-v" "/var/lib/crater-agent-workspace/rustup-home:/opt/rustwide/rustup-home:ro,Z" "-e" "SOURCE_DIR=/opt/rustwide/workdir" "-e" "CARGO_TARGET_DIR=/opt/rustwide/target" "-e" "CARGO_HOME=/opt/rustwide/cargo-home" "-e" "RUSTUP_HOME=/opt/rustwide/rustup-home" "-w" "/opt/rustwide/workdir" "-m" "1610612736" "--user" "0:0" "--network" "none" "rustops/crates-build-env@sha256:a636fd89d022f18117e1dc8fb37a0a009933cdbbe082814857f0e2024962d47c" "/opt/rustwide/cargo-home/bin/cargo" "+cfbc6d4cf1acbac5c025acf8ed68929caa551df3" "metadata" "--no-deps" "--format-version=1", kill_on_drop: false }`
[INFO] [stderr] WARNING: Your kernel does not support swap limit capabilities or the cgroup is not mounted. Memory limited without swap.
[INFO] [stdout] 68966954e9edebeba18a94a6797f353ebf984efa3879909511ce387c537361d7
[INFO] running `Command { std: "docker" "start" "-a" "68966954e9edebeba18a94a6797f353ebf984efa3879909511ce387c537361d7", kill_on_drop: false }`
[INFO] running `Command { std: "docker" "inspect" "68966954e9edebeba18a94a6797f353ebf984efa3879909511ce387c537361d7", kill_on_drop: false }`
[INFO] running `Command { std: "docker" "rm" "-f" "68966954e9edebeba18a94a6797f353ebf984efa3879909511ce387c537361d7", kill_on_drop: false }`
[INFO] [stdout] 68966954e9edebeba18a94a6797f353ebf984efa3879909511ce387c537361d7
[INFO] running `Command { std: "docker" "create" "-v" "/var/lib/crater-agent-workspace/builds/worker-5/target:/opt/rustwide/target:rw,Z" "-v" "/var/lib/crater-agent-workspace/builds/worker-5/source:/opt/rustwide/workdir:ro,Z" "-v" "/var/lib/crater-agent-workspace/cargo-home:/opt/rustwide/cargo-home:ro,Z" "-v" "/var/lib/crater-agent-workspace/rustup-home:/opt/rustwide/rustup-home:ro,Z" "-e" "SOURCE_DIR=/opt/rustwide/workdir" "-e" "CARGO_TARGET_DIR=/opt/rustwide/target" "-e" "CARGO_INCREMENTAL=0" "-e" "RUST_BACKTRACE=full" "-e" "RUSTFLAGS=--cap-lints=forbid" "-e" "CARGO_HOME=/opt/rustwide/cargo-home" "-e" "RUSTUP_HOME=/opt/rustwide/rustup-home" "-w" "/opt/rustwide/workdir" "-m" "1610612736" "--user" "0:0" "--network" "none" "rustops/crates-build-env@sha256:a636fd89d022f18117e1dc8fb37a0a009933cdbbe082814857f0e2024962d47c" "/opt/rustwide/cargo-home/bin/cargo" "+cfbc6d4cf1acbac5c025acf8ed68929caa551df3" "check" "--frozen" "--all" "--all-targets" "--message-format=json", kill_on_drop: false }`
[INFO] [stderr] WARNING: Your kernel does not support swap limit capabilities or the cgroup is not mounted. Memory limited without swap.
[INFO] [stdout] e891194a5ac4da535a04314ea0d6f76cf50f189d05ca8a1f838e74f45fb3868e
[INFO] running `Command { std: "docker" "start" "-a" "e891194a5ac4da535a04314ea0d6f76cf50f189d05ca8a1f838e74f45fb3868e", kill_on_drop: false }`
[INFO] [stderr]    Compiling semver-parser v0.7.0
[INFO] [stderr]    Compiling proc-macro2 v1.0.9
[INFO] [stderr]    Compiling unicode-xid v0.2.0
[INFO] [stderr]    Compiling typenum v1.11.2
[INFO] [stderr]    Compiling memchr v2.3.3
[INFO] [stderr]    Compiling libc v0.2.67
[INFO] [stderr]    Compiling cortex-m v0.6.2
[INFO] [stderr]    Compiling cc v1.0.50
[INFO] [stderr]    Compiling version_check v0.1.5
[INFO] [stderr]    Compiling syn v1.0.16
[INFO] [stderr]    Compiling log v0.4.8
[INFO] [stderr]    Compiling bitflags v1.2.1
[INFO] [stderr]    Compiling lazy_static v1.4.0
[INFO] [stderr]     Checking stable_deref_trait v1.1.1
[INFO] [stderr]    Compiling cortex-m-rt v0.6.12
[INFO] [stderr]    Compiling cfg-if v0.1.10
[INFO] [stderr]    Compiling regex-syntax v0.6.16
[INFO] [stderr]    Compiling nrf52840-pac v0.8.0
[INFO] [stderr]    Compiling bindgen v0.53.1
[INFO] [stderr]    Compiling fpa v0.1.0
[INFO] [stderr]     Checking void v1.0.2
[INFO] [stderr]    Compiling nrf52840-hal v0.8.1
[INFO] [stderr]     Checking rand_core v0.4.2
[INFO] [stderr]     Checking cty v0.2.1
[INFO] [stderr]     Checking mem_cmp v0.1.4
[INFO] [stderr]    Compiling clang-sys v0.28.1
[INFO] [stderr]     Checking volatile-register v0.2.0
[INFO] [stderr]    Compiling thread_local v1.0.1
[INFO] [stderr]    Compiling semver v0.9.0
[INFO] [stderr]     Checking embedded-hal v0.2.3
[INFO] [stderr]    Compiling nom v4.2.3
[INFO] [stderr]    Compiling rustc_version v0.2.3
[INFO] [stderr]    Compiling aho-corasick v0.7.9
[INFO] [stderr]    Compiling libloading v0.5.2
[INFO] [stderr]    Compiling quote v1.0.3
[INFO] [stderr]    Compiling bare-metal v0.2.5
[INFO] [stderr]    Compiling cast v0.2.3
[INFO] [stderr]    Compiling atty v0.2.14
[INFO] [stderr]    Compiling which v3.1.1
[INFO] [stderr]    Compiling clap v2.33.0
[INFO] [stderr]     Checking generic-array v0.13.2
[INFO] [stderr]     Checking generic-array v0.12.3
[INFO] [stderr]    Compiling cexpr v0.3.6
[INFO] [stderr]     Checking as-slice v0.1.3
[INFO] [stderr]    Compiling regex v1.3.4
[INFO] [stderr]     Checking aligned v0.3.2
[INFO] [stderr]    Compiling env_logger v0.7.1
[INFO] [stderr]    Compiling cortex-m-rt-macros v0.1.8
[INFO] [stderr]    Compiling nrfx3rs-bootloader v0.1.0 (/opt/rustwide/workdir)
[INFO] [stderr] error: failed to run custom build command for `nrfx3rs-bootloader v0.1.0 (/opt/rustwide/workdir)`
[INFO] [stderr] 
[INFO] [stderr] Caused by:
[INFO] [stderr]   process didn't exit successfully: `/opt/rustwide/target/debug/build/nrfx3rs-bootloader-907b3dbc2f129346/build-script-build` (exit code: 101)
[INFO] [stderr]   --- stdout
[INFO] [stderr]   cargo:rustc-link-search=/opt/rustwide/target/debug/build/nrfx3rs-bootloader-177063cdf50d2e79/out
[INFO] [stderr]   cargo:rerun-if-changed=memory.x
[INFO] [stderr]   cargo:rustc-link-lib=static=nrf_cc310_bl_0.9.12
[INFO] [stderr]   cargo:rustc-link-search=nrfxlib/crypto/nrf_cc310_bl/lib/cortex-m4/hard-float
[INFO] [stderr]   cargo:rerun-if-changed=crypto/nrf_cc310_bl.h
[INFO] [stderr] 
[INFO] [stderr]   --- stderr
[INFO] [stderr]   crypto/nrf_cc310_bl.h:1:10: fatal error: '../nrfxlib/crypto/nrf_cc310_bl/include/ssi_pal_types.h' file not found
[INFO] [stderr]   crypto/nrf_cc310_bl.h:1:10: fatal error: '../nrfxlib/crypto/nrf_cc310_bl/include/ssi_pal_types.h' file not found, err: true
[INFO] [stderr]   thread 'main' panicked at 'Unable to generate bindings.: ()', build.rs:28:10
[INFO] [stderr]   stack backtrace:
[INFO] [stderr]      0:     0x560f818343c5 - backtrace::backtrace::libunwind::trace::h5e2646fa3eddf2ea
[INFO] [stderr]                                  at /cargo/registry/src/github.com-1ecc6299db9ec823/backtrace-0.3.46/src/backtrace/libunwind.rs:86
[INFO] [stderr]      1:     0x560f818343c5 - backtrace::backtrace::trace_unsynchronized::hb95dd7f77ce47877
[INFO] [stderr]                                  at /cargo/registry/src/github.com-1ecc6299db9ec823/backtrace-0.3.46/src/backtrace/mod.rs:66
[INFO] [stderr]      2:     0x560f818343c5 - std::sys_common::backtrace::_print_fmt::h5e71b67af43fd70d
[INFO] [stderr]                                  at src/libstd/sys_common/backtrace.rs:78
[INFO] [stderr]      3:     0x560f818343c5 - <std::sys_common::backtrace::_print::DisplayBacktrace as core::fmt::Display>::fmt::hdb4a83d2b61107e5
[INFO] [stderr]                                  at src/libstd/sys_common/backtrace.rs:59
[INFO] [stderr]      4:     0x560f8185e1fc - core::fmt::write::ha20e7262fa3e8a7a
[INFO] [stderr]                                  at src/libcore/fmt/mod.rs:1076
[INFO] [stderr]      5:     0x560f81830bc2 - std::io::Write::write_fmt::h1aebfe8a5a79e36d
[INFO] [stderr]                                  at src/libstd/io/mod.rs:1537
[INFO] [stderr]      6:     0x560f81836c60 - std::sys_common::backtrace::_print::h9c07314cc66ba539
[INFO] [stderr]                                  at src/libstd/sys_common/backtrace.rs:62
[INFO] [stderr]      7:     0x560f81836c60 - std::sys_common::backtrace::print::hd1fd65f49a2d8544
[INFO] [stderr]                                  at src/libstd/sys_common/backtrace.rs:49
[INFO] [stderr]      8:     0x560f81836c60 - std::panicking::default_hook::{{closure}}::h222da46485ab36fc
[INFO] [stderr]                                  at src/libstd/panicking.rs:198
[INFO] [stderr]      9:     0x560f818369ac - std::panicking::default_hook::hc5868949d129ed00
[INFO] [stderr]                                  at src/libstd/panicking.rs:217
[INFO] [stderr]     10:     0x560f818372a3 - std::panicking::rust_panic_with_hook::h26a6ab8b0993c0c8
[INFO] [stderr]                                  at src/libstd/panicking.rs:526
[INFO] [stderr]     11:     0x560f81836e9b - rust_begin_unwind
[INFO] [stderr]                                  at src/libstd/panicking.rs:437
[INFO] [stderr]     12:     0x560f8185c8b1 - core::panicking::panic_fmt::h17139c2000299725
[INFO] [stderr]                                  at src/libcore/panicking.rs:85
[INFO] [stderr]     13:     0x560f8185c6d3 - core::option::expect_none_failed::h972f96abb4ec8952
[INFO] [stderr]                                  at src/libcore/option.rs:1269
[INFO] [stderr]     14:     0x560f8127d2be - core::result::Result<T,E>::expect::hdbef48fcda13a058
[INFO] [stderr]                                  at /rustc/cfbc6d4cf1acbac5c025acf8ed68929caa551df3/src/libcore/result.rs:963
[INFO] [stderr]     15:     0x560f8127dbfd - build_script_build::main::hd68a41bc9ece92cb
[INFO] [stderr]                                  at /opt/rustwide/workdir/build.rs:20
[INFO] [stderr]     16:     0x560f8127cfdb - std::rt::lang_start::{{closure}}::hb8cd04cf143e62b9
[INFO] [stderr]                                  at /rustc/cfbc6d4cf1acbac5c025acf8ed68929caa551df3/src/libstd/rt.rs:67
[INFO] [stderr]     17:     0x560f81837743 - std::rt::lang_start_internal::{{closure}}::h84a998219831fa70
[INFO] [stderr]                                  at src/libstd/rt.rs:52
[INFO] [stderr]     18:     0x560f81837743 - std::panicking::try::do_call::he8e1d689a3e26def
[INFO] [stderr]                                  at src/libstd/panicking.rs:348
[INFO] [stderr]     19:     0x560f81837743 - std::panicking::try::h264b6eebc2fa7bbf
[INFO] [stderr]                                  at src/libstd/panicking.rs:325
[INFO] [stderr]     20:     0x560f81837743 - std::panic::catch_unwind::hbf28fafa723b2128
[INFO] [stderr]                                  at src/libstd/panic.rs:394
[INFO] [stderr]     21:     0x560f81837743 - std::rt::lang_start_internal::he959aa59bc3ec202
[INFO] [stderr]                                  at src/libstd/rt.rs:51
[INFO] [stderr]     22:     0x560f8127cfb7 - std::rt::lang_start::hecc0a1a70c6756d8
[INFO] [stderr]                                  at /rustc/cfbc6d4cf1acbac5c025acf8ed68929caa551df3/src/libstd/rt.rs:67
[INFO] [stderr]     23:     0x560f8127ddfa - main
[INFO] [stderr]     24:     0x7fa62f8ab0b3 - __libc_start_main
[INFO] [stderr]     25:     0x560f8127c19e - _start
[INFO] [stderr]     26:                0x0 - <unknown>
[INFO] [stderr] warning: build failed, waiting for other jobs to finish...
[INFO] [stderr] error: build failed
[INFO] running `Command { std: "docker" "inspect" "e891194a5ac4da535a04314ea0d6f76cf50f189d05ca8a1f838e74f45fb3868e", kill_on_drop: false }`
[INFO] running `Command { std: "docker" "rm" "-f" "e891194a5ac4da535a04314ea0d6f76cf50f189d05ca8a1f838e74f45fb3868e", kill_on_drop: false }`
[INFO] [stdout] e891194a5ac4da535a04314ea0d6f76cf50f189d05ca8a1f838e74f45fb3868e
